what is 107a + 3?
1080
In base 15, what is 125 + -3?
122
In base 16, what is 6c - -1?
6d
In base 4, what is 12 + -2?
10
In base 5, what is 2 - -3140?
3142
In base 14, what is a - -15?
21
In base 12, what is 5 - 16?
-11
In base 5, what is -3 + 3322?
3314
In base 6, what is -13 + -135?
-152
In base 5, what is -3 + 42?
34
In base 7, what is -46 - 4?
-53
In base 5, what is -3 - -1014?
1011
In base 12, what is 389 + -7?
382
In base 16, what is 5 + -a8?
-a3
In base 13, what is -4 + 3?
-1
In base 2, what is 101010110 - 110?
101010000
In base 3, what is -1010022 + 10?
-1010012
In base 13, what is 4 + 5c?
63
In base 14, what is -c + -16?
-24
In base 11, what is -1a + -2?
-21
In base 13, what is 2 - -60?
62
In base 10, what is -4 + 130?
126
In base 14, what is 2c - d?
1d
In base 13, what is 46 + 64?
aa
In base 10, what is 5 + 534?
539
In base 6, what is -2 - -1223?
1221
In base 12, what is -6 + -2235?
-223b
In base 5, what is 300 - 201?
44
In base 12, what is -4 - -4b5?
4b1
In base 7, what is 1403 - -12?
1415
In base 10, what is -4 + -4099?
-4103
In base 14, what is -8 + 79a?
792
In base 5, what is -301 - 11?
-312
In base 3, what is 201220 + -11?
201202
In base 5, what is 24 + 14?
43
In base 13, what is -1 + 111?
110
In base 12, what is -10963 - 3?
-10966
In base 7, what is 4 - 41?
-34
In base 12, what is 6b1 + -2?
6ab
In base 3, what is 11120002 - -12?
11120021
In base 9, what is -5 + 54?
48
In base 16, what is -b - 11?
-1c
In base 3, what is -100200 + -11?
-100211
In base 8, what is -271 + 1?
-270
In base 9, what is 2 - 452?
-450
In base 14, what is -5 + d?
8
In base 6, what is -20544 - 0?
-20544
In base 14, what is 2d - 3?
2a
In base 4, what is 11 + 203?
220
In base 12, what is -5 + -19?
-22
In base 6, what is 212 - 341?
-125
In base 16, what is -4 + -149?
-14d
In base 10, what is 26 - -6?
32
In base 2, what is -101 - -11101001111?
11101001010
In base 6, what is 4 - 141?
-133
In base 2, what is -11010 - 1001?
-100011
In base 2, what is 100111001 + 0?
100111001
In base 16, what is -45 - f7?
-13c
In base 4, what is -2022 - 1013?
-3101
In base 8, what is -3 + -1603?
-1606
In base 6, what is -320 - -5?
-311
In base 5, what is 3 + -1124?
-1121
In base 12, what is -5 - 101?
-106
In base 15, what is 73a + -3?
737
In base 8, what is 6 - -127?
135
In base 14, what is d9 - a?
cd
In base 2, what is -10 + -100001001100?
-100001001110
In base 6, what is 3324 + 4?
3332
In base 16, what is -292 + 2?
-290
In base 12, what is 59 + -1?
58
In base 10, what is 3 + 2003?
2006
In base 10, what is -4 - -88?
84
In base 11, what is -10 - 3?
-13
In base 16, what is 12 - 5?
d
In base 6, what is -4 - 21033?
-21041
In base 4, what is 1 + -221?
-220
In base 16, what is -4c8 - 2?
-4ca
In base 8, what is 10326 + -1?
10325
In base 6, what is 3 - -134?
141
In base 16, what is 3 - -14b?
14e
In base 12, what is 0 - -416?
416
In base 6, what is -255 - 101?
-400
In base 7, what is 104544 + -2?
104542
In base 11, what is 3 + -1a1?
-199
In base 6, what is -1 - 503?
-504
In base 10, what is 16 + -7?
9
In base 15, what is 0 + 4c?
4c
In base 13, what is 1 + -445?
-444
In base 14, what is -9 + -104?
-10d
In base 10, what is 479 - 1?
478
In base 15, what is -4 - -bd?
b9
In base 7, what is 2 + 2200?
2202
In base 16, what is -2 - 93?
-95
In base 7, what is -3 - 201?
-204
In base 8, what is 47 - -13?
62
In base 9, what is 4 + -83?
-78
In base 7, what is 20 - -15?
35
In base 14, what is -3 + 21?
1c
In base 5, what is -10 + -3020?
-3030
In base 11, what is -2 - -2a5?
2a3
In base 11, what is 201 + 4?
205
In base 2, what is 0 + 10111001?
10111001
In base 10, what is 2 - 14?
-12
In base 16, what is -3 + 43e?
43b
In base 14, what is 60b5 - -5?
60ba
In base 4, what is -10 + 131?
121
In base 5, what is 11 + 1243?
1304
In base 14, what is 4 - b17?
-b13
In base 8, what is -7 + 2054?
2045
In base 9, what is 10 - 88?
-78
In base 12, what is -4 - -233?
22b
In base 8, what is 0 + 26?
26
In base 14, what is 97 - 0?
97
In base 15, what is -9dc + -4?
-9e1
In base 9, what is 43 + -5?
37
In base 8, what is -122 + -33?
-155
In base 13, what is -616 + -5?
-61b
In base 9, what is -4 + 1514?
1510
In base 2, what is -110110110111 + -100?
-110110111011
In base 11, what is 6 + -526?
-520
In base 13, what is 25 + -30c?
-2b7
In base 8, what is -2 + -171?
-173
In base 7, what is 2 - -206?
211
In base 6, what is -5 + -424?
-433
In base 6, what is 4 - 1015?
-1011
In base 16, what is -11c - -d?
-10f
In base 4, what is 201033 + 1?
201100
In base 15, what is 4 + -10ab?
-10a7
In base 3, what is 12010 - -202?
12212
In base 7, what is 2 - -111?
113
In base 3, what is -12 - -122012?
122000
In base 7, what is 4 + -24?
-20
In base 9, what is -5 - 2440?
-2445
In base 9, what is 3 + -135?
-132
In base 13, what is -113 - 1b?
-131
In base 14, what is -2 + ad?
ab
In base 14, what is 341 + 1?
342
In base 8, what is 2 - -157?
161
In base 9, what is 36 + 1?
37
In base 13, what is ab + -3?
a8
In base 15, what is -6c - -1?
-6b
In base 4, what is -10 + 3112?
3102
In base 2, what is 1011100000 + 10?
1011100010
In base 14, what is -2 - 56?
-58
In base 8, what is 61 + 5?
66
In base 4, what is 12 + 100311?
100323
In base 8, what is -102 - -4?
-76
In base 5, what is -10 + 20011?
20001
In base 9, what is -8145 - 5?
-8151
In base 14, what is -354 - 4?
-358
In base 3, what is -12 + -22221?
-100010
In base 9, what is 55 + -4?
51
In base 8, what is 52 + -5?
45
In base 6, what is 504 + 143?
1051
In base 12, what is -11 - -11?
0
In base 16, what is -a + e?
4
In base 16, what is 0 - -4b?
4b
In base 9, what is -2 + 85?
83
In base 10, what is 13 - -11?
24
In base 10, what is -153 - 11?
-164
In base 7, what is 4136 - -4?
4143
In base 4, what is -103 - 1032?
-1201
In base 9, what is 8 + -28?
-20
In base 2, what is 10 + 11101011101?
11101011111
In base 12, what is 143 - 3?
140
In base 9, what is -27 - 10?
-37
In base 15, what is -72 + -4?
-76
In base 3, what is 11 + 0?
11
In base 13, what is -671 + -3?
-674
In base 9, what is -4 - -1282?
1277
In base 5, what is 3 + -33443?
-33440
In base 15, what is -650 + 4?
-64b
In base 7, what is -35 + -154?
-222
In base 5, what is 101302 + -3?
101244
In base 8, what is 21 - 21?
0
In base 11, what is -4 + 115?
111
In base 3, what is -2220 + 10000?
10
In base 14, what is -32c - 15?
-343
In base 10, what is 5 - 99?
-94
In base 10, what is -2 + -1972?
-1974
In base 8, what is -17 + 0?
-17
In base 8, what is -4 + 12?
6
In base 12, what is -11 + 1?
-10
In base 7, what is -3 - -122?
116
In base 10, what is 10 + -16?
-6
In base 4, what is 3 - -2331?
3000
In base 11, what is -15 + 10?
-5
In base 5, what is -1 - -2334?
2333
In base 9, what is 5 + -3621?
-3615
In base 8, what is 14 + -76?
-62
In base 13, what is -29 + 32?
6
In base 8, what is -235 - -13?
-222
In base 3, what is -12 + -120222?
-121011
In base 9, what is 1 + -702?
-701
In base 5, what is -22 - -43?
21
In base 11, what is -2 - -14?
12
In base 7, what is 52 - 266?
-214
In base 3, what is -21 + -1?
-22
In base 15, what is -1 + -21?
-22
In base 6, what is -432 + 103?
-325
In base 16, what is -529 - 0?
-529
In base 8, what is 14 + 11?
25
In base 4, what is -3210 + 11?
-3133
In base 10, what is 19 - -428?
447
In base 14, what is 13 - 67?
-54
In base 4, what is -2112 + -323?
-3101
In base 13, what is 19 - 9?
10
In base 9, what is 273 + -1?
272
In base 15, what is -6 + 549?
543
In base 9, what is -4 - -280?
275
In base 9, what is 5 - -411?
416
In base 4, what is -12 - 201?
-213
In base 14, what is -48 - -b?
-3b
In base 2, what is 111011000101 + -11?
111011000010
In base 9, what is 5 + -3553?
-3547
In base 13, what is -50 - -5?
-48
In base 14, what is 2 + -dd?
-db
In base 15, what is 366 - c?
359
In base 2, what is -10001001101 - -100?
-10001001001
In base 4, what is -3 - -1331?
1322
In base 4, what is 11 - -3132?
3203
In base 9, what is -37 - 11?
-48
In base 3, what is 2 - -10121?
10200
In base 15, what is 1d - 6?
17
In base 15, what is 6 - -2c?
33
In base 15, what is -308c + 2?
-308a
In base 11, what is 707 - -4?
710
In base 9, what is 3 + -460?
-456
In base 12, what is -1 - 98a?
-98b
In base 7, what is 1 + 66?
100
In base 10, what is -218 - 4?
-222
In base 12, what is -78 + -1a?
-96
In base 9, what is -6 + 1454?
1447
In base 12, what is -264 - 2?
-266
In base 13, what is -1b